divided by 39?
37
Calculate the remainder when 1949 is divided by 677.
595
Calculate the remainder when 613 is divided by 579.
34
What is the remainder when 154996 is divided by 79?
77
What is the remainder when 7570 is divided by 115?
95
What is the remainder when 4197 is divided by 27?
12
Calculate the remainder when 331430 is divided by 24.
14
What is the remainder when 9437 is divided by 430?
407
What is the remainder when 1874 is divided by 59?
45
Calculate the remainder when 211 is divided by 102.
7
What is the remainder when 724 is divided by 33?
31
What is the remainder when 12884 is divided by 673?
97
What is the remainder when 204627 is divided by 161?
157
What is the remainder when 4480380 is divided by 22?
14
Calculate the remainder when 1995 is divided by 264.
147
Calculate the remainder when 117520 is divided by 24.
16
What is the remainder when 30892 is divided by 16?
12
What is the remainder when 377 is divided by 89?
21
Calculate the remainder when 44684 is divided by 14886.
26
Calculate the remainder when 623545 is divided by 150.
145
Calculate the remainder when 15901 is divided by 5121.
538
Calculate the remainder when 5798 is divided by 670.
438
Calculate the remainder when 3151 is divided by 401.
344
What is the remainder when 2355 is divided by 83?
31
Calculate the remainder when 25379 is divided by 36.
35
Calculate the remainder when 6105 is divided by 3046.
13
Calculate the remainder when 4145 is divided by 20.
5
Calculate the remainder when 623948 is divided by 48.
44
What is the remainder when 1103648 is divided by 44?
40
Calculate the remainder when 10656 is divided by 223.
175
What is the remainder when 19782 is divided by 204?
198
Calculate the remainder when 4047 is divided by 49.
29
What is the remainder when 7392 is divided by 489?
57
Calculate the remainder when 6439 is divided by 1602.
31
Calculate the remainder when 23426 is divided by 689.
0
What is the remainder when 118922 is divided by 187?
177
Calculate the remainder when 322459 is divided by 78.
7
Calculate the remainder when 36411 is divided by 357.
354
What is the remainder when 386495 is divided by 36?
35
What is the remainder when 8236 is divided by 48?
28
What is the remainder when 128189 is divided by 247?
243
Calculate the remainder when 59501 is divided by 29743.
15
Calculate the remainder when 17265 is divided by 354.
273
What is the remainder when 29666 is divided by 230?
226
What is the remainder when 280753 is divided by 7?
4
Calculate the remainder when 2030 is divided by 1329.
701
Calculate the remainder when 78103 is divided by 188.
83
Calculate the remainder when 31220 is divided by 134.
132
Calculate the remainder when 46472 is divided by 294.
20
What is the remainder when 6099 is divided by 224?
51
What is the remainder when 7148 is divided by 22?
20
Calculate the remainder when 388868 is divided by 767.
766
Calculate the remainder when 7462781 is divided by 114.
113
Calculate the remainder when 1840 is divided by 13.
7
What is the remainder when 5647 is divided by 1865?
52
What is the remainder when 51329 is divided by 755?
744
What is the remainder when 1949 is divided by 384?
29
What is the remainder when 14534 is divided by 15?
14
Calculate the remainder when 31443 is divided by 83.
69
What is the remainder when 228809 is divided by 435?
434
Calculate the remainder when 29128 is divided by 871.
385
Calculate the remainder when 3099 is divided by 244.
171
What is the remainder when 989883 is divided by 13?
11
Calculate the remainder when 9896 is divided by 1897.
411
What is the remainder when 1654 is divided by 636?
382
Calculate the remainder when 9640 is divided by 3747.
2146
Calculate the remainder when 10194227 is divided by 66.
65
Calculate the remainder when 7611 is divided by 7577.
34
What is the remainder when 96274 is divided by 113?
111
What is the remainder when 3007 is divided by 1503?
1
What is the remainder when 11442 is divided by 5673?
96
Calculate the remainder when 95 is divided by 46.
3
Calculate the remainder when 5803 is divided by 163.
98
Calculate the remainder when 6109 is divided by 209.
48
Calculate the remainder when 6339 is divided by 898.
53
Calculate the remainder when 14427 is divided by 78.
75
Calculate the remainder when 2301 is divided by 150.
51
Calculate the remainder when 2057 is divided by 415.
397
Calculate the remainder when 78484 is divided by 223.
211
Calculate the remainder when 302936 is divided by 100965.
41
Calculate the remainder when 46732 is divided by 295.
122
What is the remainder when 291756 is divided by 80?
76
What is the remainder when 90459 is divided by 86?
73
Calculate the remainder when 2527 is divided by 757.
256
What is the remainder when 3596 is divided by 118?
56
Calculate the remainder when 7976 is divided by 170.
156
What is the remainder when 6381 is divided by 47?
36
Calculate the remainder when 847 is divided by 165.
22
Calculate the remainder when 75206 is divided by 1709.
10
Calculate the remainder when 2665 is divided by 296.
1
What is the remainder when 1554 is divided by 31?
4
Calculate the remainder when 5885 is divided by 5704.
181
What is the remainder when 47175 is divided by 230?
25
What is the remainder when 4028 is divided by 290?
258
Calculate the remainder when 7662 is divided by 850.
12
What is the remainder when 32479 is divided by 10811?
46
Calculate the remainder when 83912 is divided by 6.
2
What is the remainder when 37352 is divided by 37346?
6
Calculate the remainder when 33207 is divided by 15.
12
What is the remainder when 408 is divided by 39?
18
Calculate the remainder when 1565 is divided by 224.
221
What is the remainder when 27058 is divided by 5408?
18
Calculate the remainder when 5442 is divided by 270.
42
What is the remainder when 556071 is divided by 11?
10
What is the remainder when 81433 is divided by 327?
10
Calculate the remainder when 15212 is divided by 1505.
162
What is the remainder when 1542 is divided by 217?
23
Calculate the remainder when 2187049 is divided by 170.
169
What is the remainder when 4382 is divided by 527?
166
Calculate the remainder when 2837 is divided by 10.
7
What is the remainder when 15537 is divided by 10?
7
What is the remainder when 5601 is divided by 326?
59
What is the remainder when 134880 is divided by 116?
88
What is the remainder when 102610 is divided by 204?
202
What is the remainder when 5629 is divided by 491?
228
What is the remainder when 3077 is divided by 154?
151
What is the remainder when 225291 is divided by 41?
37
Calculate the remainder when 3051611 is divided by 1044.
1043
What is the remainder when 6557 is divided by 253?
232
What is the remainder when 17632 is divided by 531?
109
What is the remainder when 168129 is divided by 1632?
33
Calculate the remainder when 3726971 is divided by 3.
2
Calculate the remainder when 54494 is divided by 45.
44
What is the remainder when 2508 is divided by 313?
4
What is the remainder when 119022 is divided by 91?
85
What is the remainder when 24540 is divided by 253?
252
Calculate the remainder when 665316 is divided by 219.
213
What is the remainder when 83625 is divided by 687?
498
Calculate the remainder when 109786 is divided by 2072.
2042
What is the remainder when 275790 is divided by 483?
480
What is the remainder when 185298 is divided by 10?
8
Calculate the remainder when 23203 is divided by 890.
63
Calculate the remainder when 11766 is divided by 55.
51
Calculate the remainder when 9974 is divided by 256.
246
What is the remainder when 1678 is divided by 1095?
583
What is the remainder when 3279 is divided by 33?
12
Calculate the remainder when 1485 is divided by 6.
3
What is the remainder when 1667 is divided by 405?
47
Calculate the remainder when 1035 is divided by 156.
99
What is the remainder when 1441 is divided by 88?
33
What is the remainder when 2113 is divided by 464?
257
What is the remainder when 88763 is divided by 16?
11
Calculate the remainder when 1005 is divided by 267.
204
What is the remainder when 2754 is divided by 131?
3
What is the remainder when 13304 is divided by 1623?
320
What is the remainder when 33909 is divided by 817?
412
Calculate the remainder when 40003 is divided by 159.
94
Calculate the rem